n thousands digit of 4526399?
2
What is the ten thousands digit of 23531738?
3
What is the hundreds digit of 704202?
2
What is the ten thousands digit of 28875?
2
What is the ten thousands digit of 26319010?
1
What is the thousands digit of 14110325?
0
What is the tens digit of 5281503?
0
What is the hundred thousands digit of 120865?
1
What is the hundred thousands digit of 132962?
1
What is the tens digit of 29799961?
6
What is the tens digit of 131098?
9
What is the hundreds digit of 26454808?
8
What is the hundreds digit of 406967?
9
What is the thousands digit of 323269?
3
What is the ten thousands digit of 6177002?
7
What is the ten thousands digit of 197202?
9
What is the thousands digit of 301409?
1
What is the hundred thousands digit of 7286138?
2
What is the tens digit of 1762302?
0
What is the ten thousands digit of 281060?
8
What is the units digit of 576853?
3
What is the ten millions digit of 13387176?
1
What is the thousands digit of 1971880?
1
What is the millions digit of 32494273?
2
What is the hundreds digit of 250381?
3
What is the hundreds digit of 5968118?
1
What is the millions digit of 8281496?
8
What is the ten thousands digit of 35858?
3
What is the ten thousands digit of 287352?
8
What is the hundred thousands digit of 1142174?
1
What is the hundred thousands digit of 167767?
1
What is the units digit of 901787?
7
What is the units digit of 3640356?
6
What is the thousands digit of 1937409?
7
What is the thousands digit of 398981?
8
What is the ten thousands digit of 4452008?
5
What is the tens digit of 415487?
8
What is the hundred thousands digit of 282977?
2
What is the hundred thousands digit of 501503?
5
What is the units digit of 2300276?
6
What is the units digit of 8839215?
5
What is the units digit of 96033?
3
What is the hundreds digit of 5351471?
4
What is the ten thousands digit of 76323?
7
What is the ten thousands digit of 489487?
8
What is the hundreds digit of 19259153?
1
What is the tens digit of 1127754?
5
What is the units digit of 168048?
8
What is the thousands digit of 36162?
6
What is the ten millions digit of 12419781?
1
What is the hundred thousands digit of 1834961?
8
What is the hundred thousands digit of 157222?
1
What is the thousands digit of 149133?
9
What is the ten millions digit of 27427945?
2
What is the thousands digit of 403856?
3
What is the ten thousands digit of 575059?
7
What is the millions digit of 2149375?
2
What is the hundreds digit of 27738316?
3
What is the hundred thousands digit of 265476?
2
What is the millions digit of 9153821?
9
What is the millions digit of 1602475?
1
What is the ten thousands digit of 375033?
7
What is the ten thousands digit of 1372555?
7
What is the tens digit of 81101?
0
What is the hundreds digit of 270631?
6
What is the hundreds digit of 100980?
9
What is the hundred thousands digit of 1187286?
1
What is the hundreds digit of 339500?
5
What is the ten thousands digit of 386191?
8
What is the millions digit of 2993369?
2
What is the units digit of 723251?
1
What is the hundreds digit of 1695844?
8
What is the thousands digit of 3441472?
1
What is the tens digit of 446599?
9
What is the hundred thousands digit of 123723?
1
What is the tens digit of 38935?
3
What is the thousands digit of 11440765?
0
What is the ten millions digit of 16995388?
1
What is the thousands digit of 2809558?
9
What is the tens digit of 406064?
6
What is the hundred thousands digit of 570877?
5
What is the hundred thousands digit of 219838?
2
What is the hundreds digit of 106722?
7
What is the thousands digit of 307623?
7
What is the hundred thousands digit of 901919?
9
What is the hundreds digit of 719841?
8
What is the ten thousands digit of 4719264?
1
What is the hundred thousands digit of 657735?
6
What is the units digit of 7022898?
8
What is the hundreds digit of 94894?
8
What is the hundreds digit of 235166?
1
What is the hundreds digit of 41973963?
9
What is the millions digit of 22679327?
2
What is the ten thousands digit of 519374?
1
What is the units digit of 721420?
0
What is the tens digit of 27958789?
8
What is the ten thousands digit of 11433193?
3
What is the hundred thousands digit of 3840585?
8
What is the ten thousands digit of 2962168?
6
What is the ten thousands digit of 317409?
1
What is the hundreds digit of 6857165?
1
What is the millions digit of 4629779?
4
What is the units digit of 239685?
5
What is the units digit of 1669120?
0
What is the hundred thousands digit of 3003630?
0
What is the millions digit of 4162657?
4
What is the hundreds digit of 171618?
6
What is the hundreds digit of 197239?
2
What is the units digit of 308767?
7
What is the hundred thousands digit of 19137651?
1
What is the thousands digit of 185279?
5
What is the thousands digit of 500626?
0
What is the thousands digit of 21659?
1
What is the millions digit of 7783933?
7
What is the ten thousands digit of 22803512?
0
What is the thousands digit of 99600?
9
What is the tens digit of 1345089?
8
What is the thousands digit of 5707164?
7
What is the hundreds digit of 42156?
1
What is the hundred thousands digit of 272871?
2
What is the units digit of 138515?
5
What is the ten thousands digit of 893269?
9
What is the units digit of 286553?
3
What is the thousands digit of 414540?
4
What is the hundred thousands digit of 4416632?
4
What is the millions digit of 1204618?
1
What is the tens digit of 5813690?
9
What is the ten thousands digit of 3815762?
1
What is the hundred thousands digit of 5835932?
8
What is the hundreds digit of 198439?
4
What is the thousands digit of 131725?
1
What is the thousands digit of 1027965?
7
What is the units digit of 14749132?
2
What is the units digit of 14196027?
7
What is the hundreds digit of 355716?
7
What is the units digit of 14039106?
6
What is the hundred thousands digit of 960862?
9
What is the thousands digit of 1107359?
7
What is the tens digit of 1235536?
3
What is the hundreds digit of 550505?
5
What is the thousands digit of 11816263?
6
What is the hundred thousands digit of 364993?
3
What is the hundred thousands digit of 18495037?
4
What is the hundreds digit of 16295324?
3
What is the tens digit of 1867084?
8
What is the tens digit of 19619973?
7
What is the hundred thousands digit of 711816?
7
What is the tens digit of 339357?
5
What is the millions digit of 14479704?
4
What is the hundreds digit of 2825399?
3
What is the thousands digit of 21902811?
2
What is the tens digit of 923358?
5
What is the units digit of 224960?
0
What is the hundreds digit of 176844?
8
What is the millions digit of 8338854?
8
What is the tens digit of 2197514?
1
What is the thousands digit of 20005269?
5
What is the units digit of 5715522?
2
What is the tens digit of 224085?
8
What is the thousands digit of 1437830?
7
What is the units digit of 9197236?
6
What is the hundreds digit of 132438?
4
What is the hundred thousands digit of 150204?
1
What is the units digit of 30349?
9
What is the hundreds digit of 7708746?
7
What is the hundred thousands digit of 403446?
4
What is the units digit of 3542488?
8
What is the millions digit of 1734684?
1
What is the hundreds digit of 106206?
2
What is the hundreds digit of 15384?
3
What is the hundred thousands digit of 4558775?
5
What is the ten thousands digit of 30143?
3
What is the ten thousands digit of 166309?
6
What is the hundreds digit of 532310?
3
What is the ten thousands digit of 817957?
1
What is the ten thousands digit of 23469503?
6
What is the thousands digit of 3711485?
1
What is the thousands digit of 122833?
2
What is the tens digit of 18708?
0
What is the hundreds digit of 397851?
8
What is the hundred thousands digit of 4104068?
1
What is the units digit of 309366?
6
What is the hundreds digit of 7271?
2
What is the units digit of 156137?
7
What is the ten millions digit of 42172895?
4
What is the hundred thousands digit of 1743146?
7
What is the hundred thousands digit of 506678?
5
What is the ten thousands digit of 148301?
4
What is the hundreds digit of 27593921?
9
What is the units digit of 343541?
1
What is the units digit of 10491925?
5
What is the tens digit of 4614403?
0
What is the tens digit of 252144?
4
What is the units digit of 544500?
0
What is the thousands digit of 17